t u(y) = -y**3 + 22*y**2 - 19*y - 39. Let o be u(z). What is t(o)?
13
Let r(x) = x**2 - 8*x - 15. Let l be r(10). Suppose 2*n - 14 = -3*g + 12, l*n = 5. Let v(a) = 4*a + 1 - 4*a + g*a**2. Give v(-1).
9
Let c(u) = -u**3 + 13*u**2 + 31*u - 14. Let l be c(15). Let m be 22 - 26 - (l - 7). Let t(f) = -f**3 - f**2 + f - 1. Determine t(m).
-11
Let u(r) = -2*r**2 + 1174*r**3 + 1211*r**3 - 2 - 2378*r**3 - 8*r. What is u(-2)?
-50
Let a(q) = -2*q**2 + 15*q - 2. Let u be a(7). Suppose 0 = -l - 5, -39 = 2*y - 0*y + u*l. Let d(n) = n + 8. What is d(y)?
1
Let c be ((-8)/10)/((-16)/(-80)). Let g be (-2 - c - 0) + 1. Let z(x) = 5 - 12 + 2 - g*x + 6. What is z(-3)?
10
Let u(t) = 3*t + 11. Let l be (4/(100/(-75)))/(1/2). Determine u(l).
-7
Suppose -803*m = -810*m + 14. Suppose -5*n = 2*d + 6, 0*n + 12 = 3*n - 4*d. Let x(v) = -m*v + 5 + 3*v + n - 11. Calculate x(0).
-6
Let v(m) = -m**2 - 7*m + 12. Let y(q) = -q**2 - 10*q + 30. Suppose -15*p = 220 - 25. Let d be y(p). Calculate v(d).
-6
Suppose -3*b + 2*b + 2 = 0. Let d(z) be the third derivative of -25*z**2 + 1/24*z**4 + 0 + 0*z - 1/3*z**3. Calculate d(b).
0
Let p(n) be the third derivative of -n**4/12 + 20*n**3/3 + 1731*n**2. Determine p(11).
18
Let u(l) be the third derivative of l**4/24 - 5*l**3/6 + 38996*l**2. Let j = -12 - -20. Calculate u(j).
3
Let m(v) be the first derivative of -1/2*v**2 - 16*v + 78. Give m(0).
-16
Let b(u) = 16 + 21*u - 33*u + u**2 - 3. Determine b(8).
-19
Let b be (678 + -675)*20/6. Let z(d) = 3 + 4 + d**2 + 2*d - 13*d. What is z(b)?
-3
Let y(q) = -91445*q**3 - 5 + 2 - 5*q - 91461*q**3 + 182907*q**3 + 6*q**2 - 5*q - 4. Suppose 21 = -2*l - l. Calculate y(l).
14
Suppose -4*b - 6 = 2. Let u(n) be the second derivative of n**3/3 + 207*n - 11. Determine u(b).
-4
Let y(u) = 6. Let x(k) = -1. Let m(s) = 5*x(s) + y(s). Let d(r) = -2*r**2 - r - 8. Let l(b) = -d(b) - 6*m(b). Let z be 18 - 1015/56 - 17/(-8). Calculate l(z).
12
Let b(w) be the third derivative of -w**6/120 + w**5/60 - w**4/12 + 31*w**3/6 - 53*w**2. Let d(m) be the first derivative of b(m). What is d(2)?
-10
Let g(w) be the first derivative of -9*w**2 - 52*w - 1287. Calculate g(-3).
2
Let t(s) = 15*s - 132. Let m be t(9). Let j(f) = 6*f**2 - f**2 - 28*f + 2*f**m - 3*f**3 + 33*f. Calculate j(6).
-6
Suppose 3*g = -3*c, -3*g = -5*c - 13 - 19. Let o(b) = b. Suppose 2*t = -0*t + 2. Let x(a) = -a**2 + 3*a - 6. Let r(u) = t*x(u) + 2*o(u). Calculate r(g).
-2
Let f be 3 + 0 + 1 + -2. Suppose 3*q + f*o + 7 = 0, -4*q + 0*q = o + 11. Let n be 6 + q - (3 - 0). Let k(i) = -i + 3. Calculate k(n).
3
Let d be -5 + 2*1/2. Let p(s) = 5*s - 35. Let m be p(20). Let u(j) = 69*j - 30 + 32 + j**2 - m*j. Calculate u(d).
2
Let d(s) be the first derivative of -2*s**4 - s**3/3 + s**2/2 - 8*s - 101. Let a(j) = 7*j**3 + 6. Let w(r) = -6*a(r) - 5*d(r). What is w(3)?
-20
Let z(l) = -l**3 - 7*l**2 + 11. Suppose -4*t = -6*f - 2, 3*t + 3*f + f + 41 = 0. Give z(t).
11
Let h(c) = -3*c**2 - 3*c + 250 - 250. Suppose 5*k + 4*n - 17 = 0, 4*k - 18 = 2*k + 4*n. Suppose -i + 2 = k. Give h(i).
-18
Let m(o) be the second derivative of 0*o**2 - 1/180*o**6 + 0*o**3 + 1/40*o**5 + 7/6*o**4 + 0 + 7*o. Let a(s) be the third derivative of m(s). Calculate a(2).
-5
Let w(z) = 3*z**3 - z**2 - 21*z + 21. Suppose 36*y - 219 = -183. Determine w(y).
2
Let f(s) be the first derivative of s**4/2 - 5*s**3/3 + s**2 - 6*s + 63. Determine f(3).
9
Suppose 230*m - 4*k - 7 = 227*m, 2*m + k - 1 = 0. Let t(g) = 16*g**2 - 2*g - 1. Calculate t(m).
13
Suppose 19 = -8*r + 131. Let q(h) = 13*h + 21 - 39*h + 12*h + 13*h. Calculate q(r).
7
Suppose d - 61*y + 26 = -56*y, 36 = -4*d + 3*y. Let g be -2*(1 - (4 - 2)). Let l be (d/12)/(g/(-24)). Let h(t) = -t + 11. Determine h(l).
5
Let t(k) = -9 + 3 - 15 + 6 + 63*k - k + 2*k**2. Calculate t(-31).
-15
Let o = 7797 - 7795. Let z be (-38)/(-6) - (-4)/6. Let p(b) = -20*b**o + 1 + 16*b**2 - z*b**2. Calculate p(1).
-10
Let a(l) = -2*l**2 - 23*l + 23. Let v(o) = -12*o**2 - 2*o + 2. Let g be v(1). Let i be a(g). Let j(p) = -8 - p + i - 8. Determine j(-5).
0
Let o(w) be the third derivative of -w**6/120 + 5*w**4/24 - 5*w**3/6 + w**2. Let p = 516221 - 516219. Calculate o(p).
-3
Let h(t) = 5*t - 7 - 2017*t**2 + 2018*t**2 + 8 + t. What is h(-5)?
-4
Let x = -714 + 704. Let s(r) = -3*r**3 - 30*r**2 + 5. Let u be s(x). Let n(m) = 3*m - 9. Determine n(u).
6
Let r be -8*(-63)/36*4/7. Let b(c) = -2*c**3 + 24*c**2 - 7*c + 8. Let m(a) = -3*a**3 + 38*a**2 - 11*a + 12. Let q(g) = r*b(g) - 5*m(g). What is q(2)?
2
Let j(x) = 31 + 28 - 8*x - 87 + 30. Suppose 0 - 2 = -n. Determine j(n).
-14
Let z(l) = 205*l**3 - 42*l**3 - 4*l + 7 - 21*l**2 - 162*l**3. Determine z(21).
-77
Let k(m) = -2*m - 5 + 10 - 5*m**2 + 20*m. Let x(j) = 4*j**2 - 15*j - 4. Let p(t) = -3*k(t) - 4*x(t). What is p(3)?
10
Let r(y) be the second derivative of -159 + 5/6*y**3 - 2*y - 4*y**2. Determine r(6).
22
Let x(u) = -6149*u - 61 + 38 - 91 + 6138*u. Determine x(-13).
29
Let t(j) be the second derivative of -j**4/12 - 13*j**3/6 - j**2 + 8779*j. Suppose r + 4*x = -2*r - 24, -2*x + 6 = 0. Calculate t(r).
10
Let q(a) = -16*a**2 + 0 - 19*a + 12*a**2 - 5 + 9*a**2 - 3*a**2. Give q(13).
86
Let c(a) = -2*a - 8. Suppose 0 = -4*y - 2 + 10. Let d be c(y). Let z(f) = -f**2 - 13*f - 14. Give z(d).
-2
Let a(g) = -12*g**2 + 7*g + 6. Let i be a(1). Let q(b) = 9*b**2 - 2*b + 2. Determine q(i).
9
Let w(g) = 5*g - g - 1 + 0*g - 5*g**2 - g**3. Let d(b) = -b - 7. Let a be ((-7)/(-6) - (-12)/(-8))*3. Let u be d(a). What is w(u)?
11
Suppose 0 = 2*b - 4*b + 2. Let i(p) = p**2 + 4*p. Let v be i(b). Let a(n) = n**3 - 5*n**2 + 3*n + 4. Calculate a(v).
19
Let b(n) = 6*n**3 + 2*n - 1. Let f(l) = 3*l**3 - 5*l**2. Let s be (-8)/(-6)*12/8. Let d be f(s). Suppose d = -p + 5. Determine b(p).
7
Let s be (-3 + -1)*(1 - 2). Suppose 4*l + 4*c - 28 = 0, -3*l - 2*c = -s*l - 8. Let n(i) = 10*i - i**l - 18*i + 10*i + 4*i + 4. Calculate n(7).
-3
Let p be 24/16*(-4)/(-6). Let a(z) = -7*z**3 + 3*z**2 + 3*z + 9. Let n(o) = 2*o**3 + o**2 - 2*o - 1. Let b(s) = p*a(s) + 3*n(s). Calculate b(4).
26
Let i(v) = 479*v - 12 - 1444*v + 487*v + 479*v. Let t = 6 + 0. Determine i(t).
-6
Let u(r) = 3*r - 95. Let n(o) = 6*o - 171. Let q(v) = 5*n(v) - 9*u(v). Let j(y) = -y. Let w be j(2). Calculate q(w).
-6
Suppose -4*h - 28 = 4*w + w, 6*w = -3*h - 30. Let a(x) = -9*x**3 + x**2 - 2*x + 1. Determine a(h).
81
Let o be -15 - (-7 + -4)/1. Let z(f) = -19*f + 16*f + 2*f**2 + 4 + f**2 + f**3. Determine z(o).
0
Suppose -52 = -2*b - 46. Let o(h) = 1 + 25*h + 3 - 20*h + h**b - 7*h**2. Determine o(6).
-2
Let t(j) = -2*j - 12. Let u(l) = -l - 6. Suppose -26*r + 24*r - 6 = 0. Let g(c) = r*t(c) + 7*u(c). What is g(-9)?
3
Let g(q) = -q**2 + 14*q + 249. Suppose t - 98 = -821*a + 817*a, 2*a = 4*t + 40. Determine g(a).
9
Let y be 22/429*13 + 20/6. Suppose y*u - q - 7 = -6, 0 = -3*q + 9. Let h(t) = t - 1. Let g(a) = a**2 + 5*a - 6. Let z(k) = g(k) - 5*h(k). Calculate z(u).
0
Let h(f) = -8*f - 1 - 3*f + 13*f + 3*f + 0*f. What is h(-2)?
-11
Let r(s) = 25*s + 179. Let p(t) = -6*t - 43. Let k(u) = 13*p(u) + 3*r(u). What is k(-11)?
11
Let i be 3 + (-6 - 1) - (-29 - 195/(-13)). Let g be (-1)/(-2) + 1/2. Let r(s) = -s + 10*s**2 - g - s**3 - 13 + 3*s. Give r(i).
6
Let o(q) = 34*q - 5*q**2 - 308*q**3 + 136*q**3 - 12 + 171*q**3. What is o(-9)?
6
Let n(k) be the second derivative of -13*k**3/3 - 204*k**2 + 1131*k. Calculate n(-16).
8
Let u(g) = -171*g - 44. Let x(v) = -99*v - 21. Let y(r) = -4*u(r) + 7*x(r). Give y(9).
-52
Let o(i) be the second derivative of i**4/12 + 2*i**3 - 6*i**2 + 2*i. Suppose -t = -84*f + 80*f + 5, 5*f + 10 = 0. What is o(t)?
1
Let h(j) = j**3 - 6*j**2 - 2. Let l(y) = 24 + 11 + 90 + 5870*y - 5863*y. Let a be l(-17). Give h(a).
-2
Let m be -7*(-1)/(-2)*-2. Let q = m + 0. Let f(x) = 13 - 5 + q*x + 3 - 3 + x**2. What is f(-7)?
8
Let w(p) be the first derivative of -4 + 4*p**2 + 1/3*p**3 - 4*p. Let u(s) = 1. Let z(a) = u(a) - w(a). Calculate z(-5).
20
Let r(q) be the second derivative of -q**5/10 - q**4/2 - q**3/3 + 3*q**2 + 202*q + 4. Calculate r(-4).
46
Let r = -238 - -233. Let q(m) = m**2 + 6*m + 7. Determine q(r).
2
Suppose -2*m - 4*m + 102 = 0. Suppose -m + 5 = 2*f. Let o(y) be the third derivative of y**4/24 + 5*y**3/6 - 32*y**2 + 1. Calculate o(f).
-1
Let y(j) = -2*j**3 - 25*j**2 -